{"id":2,"date":"2024-02-02T04:14:37","date_gmt":"2024-02-02T04:14:37","guid":{"rendered":"http:\/\/188.166.247.126\/?page_id=2"},"modified":"2024-10-28T08:41:43","modified_gmt":"2024-10-28T01:41:43","slug":"about","status":"publish","type":"page","link":"https:\/\/koitravel.vn\/index.php\/about\/","title":{"rendered":"Kh\u00e1m ph\u00e1 th\u1ebf gi\u1edbi c\u00f9ng d\u1ecbch v\u1ee5 c\u00e1 nh\u00e2n ho\u00e1"},"content":{"rendered":"\n<p>Ch\u00e0o m\u1eebng b\u1ea1n \u0111\u1ebfn v\u1edbi Koi Travel! <\/p>\n\n\n\n<p>Ch\u00fang t\u00f4i l\u00e0 m\u1ed9t trong nh\u1eefng \u0111\u01a1n v\u1ecb h\u00e0ng \u0111\u1ea7u t\u1ea1i Vi\u1ec7t Nam v\u1ec1 d\u1ecbch v\u1ee5 du l\u1ecbch tr\u1ecdn g\u00f3i, v\u1edbi s\u1ee9 m\u1ec7nh \u0111em l\u1ea1i tr\u1ea3i nghi\u1ec7m du l\u1ecbch tuy\u1ec7t v\u1eddi nh\u1ea5t cho kh\u00e1ch h\u00e0ng c\u1ee7a m\u00ecnh. <\/p>\n\n\n\n<p>V\u1edbi h\u01a1n 10 n\u0103m kinh nghi\u1ec7m trong ng\u00e0nh du l\u1ecbch, Koi Travel t\u1ef1 h\u00e0o l\u00e0 \u0111i\u1ec3m \u0111\u1ebfn tin c\u1eady c\u1ee7a h\u00e0ng ngh\u00ecn du kh\u00e1ch tr\u00ean kh\u1eafp Vi\u1ec7t Nam. Ch\u00fang t\u00f4i kh\u00f4ng ch\u1ec9 cung c\u1ea5p d\u1ecbch v\u1ee5 \u0111\u1eb7t v\u00e9 m\u00e1y bay, \u0111\u1eb7t ph\u00f2ng kh\u00e1ch s\u1ea1n, tour tr\u1ecdn g\u00f3i m\u1ed9t c\u00e1ch nhanh ch\u00f3ng v\u00e0 ti\u1ec7n l\u1ee3i, m\u00e0 c\u00f2n \u0111i\u1ec1u ch\u1ec9nh ch\u00fang theo nhu c\u1ea7u c\u1ee5 th\u1ec3 c\u1ee7a t\u1eebng kh\u00e1ch h\u00e0ng. <\/p>\n\n\n\n<p>\u0110\u1eb7c bi\u1ec7t, v\u1edbi s\u1ef1 t\u1ef1 tin v\u00e0 kinh nghi\u1ec7m c\u1ee7a m\u00ecnh, Koi Travel l\u00e0 \u0111\u1ed1i t\u00e1c tin c\u1eady c\u1ee7a hai h\u00e3ng h\u00e0ng kh\u00f4ng h\u00e0ng \u0111\u1ea7u Vietnam Airlines v\u00e0 Qatar Airways. Ch\u00fang t\u00f4i chuy\u00ean cung c\u1ea5p d\u1ecbch v\u1ee5 \u0111\u1eb7t v\u00e9 m\u00e1y bay cho du h\u1ecdc sinh v\u00e0 xu\u1ea5t kh\u1ea9u lao \u0111\u1ed9ng v\u1edbi gi\u00e1 \u01b0u \u0111\u00e3i, m\u1edf ra nh\u1eefng c\u00e1nh c\u1eeda m\u1edbi cho nh\u1eefng h\u00e0nh tr\u00ecnh \u0111am m\u00ea v\u00e0 kh\u00e1m ph\u00e1.<\/p>\n\n\n\n<p>Koi Travel cam k\u1ebft lu\u00f4n \u0111\u1ed3ng h\u00e0nh c\u00f9ng b\u1ea1n trong m\u1ecdi chuy\u1ebfn \u0111i, t\u1eeb vi\u1ec7c l\u00ean k\u1ebf ho\u1ea1ch cho \u0111\u1ebfn khi b\u1ea1n \u0111\u1eb7t ch\u00e2n \u0111\u1ebfn \u0111i\u1ec3m \u0111\u1ebfn mong mu\u1ed1n. H\u00e3y c\u00f9ng ch\u00fang t\u00f4i t\u1ea1o ra nh\u1eefng k\u1ef7 ni\u1ec7m \u0111\u00e1ng nh\u1edb tr\u00ean m\u1ed7i h\u00e0nh tr\u00ecnh c\u1ee7a b\u1ea1n!<\/p>\n\n\n\n<p><a href=\"https:\/\/www.facebook.com\/thuyngancam.neu97\" title=\"\">Ms. Giang<\/a><\/p>\n","protected":false},"excerpt":{"rendered":"<p>Ch\u00e0o m\u1eebng b\u1ea1n \u0111\u1ebfn v\u1edbi Koi Travel! Ch\u00fang t\u00f4i l\u00e0 m\u1ed9t trong nh\u1eefng \u0111\u01a1n v\u1ecb h\u00e0ng \u0111\u1ea7u t\u1ea1i Vi\u1ec7t Nam v\u1ec1 d\u1ecbch v\u1ee5 du l\u1ecbch tr\u1ecdn g\u00f3i, v\u1edbi s\u1ee9 m\u1ec7nh \u0111em l\u1ea1i tr\u1ea3i nghi\u1ec7m du l\u1ecbch tuy\u1ec7t v\u1eddi nh\u1ea5t cho kh\u00e1ch h\u00e0ng c\u1ee7a m\u00ecnh. V\u1edbi h\u01a1n 10 n\u0103m kinh nghi\u1ec7m trong ng\u00e0nh du l\u1ecbch, Koi [&hellip;]<\/p>\n","protected":false},"author":1,"featured_media":131,"parent":0,"menu_order":0,"comment_status":"closed","ping_status":"open","template":"","meta":{"_monsterinsights_skip_tracking":false,"_monsterinsights_sitenote_active":false,"_monsterinsights_sitenote_note":"","_monsterinsights_sitenote_category":0,"footnotes":""},"class_list":["post-2","page","type-page","status-publish","has-post-thumbnail","hentry"],"aioseo_notices":[],"_links":{"self":[{"href":"https:\/\/koitravel.vn\/index.php\/wp-json\/wp\/v2\/pages\/2","targetHints":{"allow":["GET"]}}],"collection":[{"href":"https:\/\/koitravel.vn\/index.php\/wp-json\/wp\/v2\/pages"}],"about":[{"href":"https:\/\/koitravel.vn\/index.php\/wp-json\/wp\/v2\/types\/page"}],"author":[{"embeddable":true,"href":"https:\/\/koitravel.vn\/index.php\/wp-json\/wp\/v2\/users\/1"}],"replies":[{"embeddable":true,"href":"https:\/\/koitravel.vn\/index.php\/wp-json\/wp\/v2\/comments?post=2"}],"version-history":[{"count":12,"href":"https:\/\/koitravel.vn\/index.php\/wp-json\/wp\/v2\/pages\/2\/revisions"}],"predecessor-version":[{"id":168,"href":"https:\/\/koitravel.vn\/index.php\/wp-json\/wp\/v2\/pages\/2\/revisions\/168"}],"wp:featuredmedia":[{"embeddable":true,"href":"https:\/\/koitravel.vn\/index.php\/wp-json\/wp\/v2\/media\/131"}],"wp:attachment":[{"href":"https:\/\/koitravel.vn\/index.php\/wp-json\/wp\/v2\/media?parent=2"}],"curies":[{"name":"wp","href":"https:\/\/api.w.org\/{rel}","templated":true}]}}